)/(-30)?
9
What is the remainder when 126 is divided by (-17)/(-68) + (-206)/(-8) - -6?
30
Suppose 9*z - 42*z + 693 = 0. What is the remainder when 73 is divided by z?
10
Let j be 18/8 - 6/24. Suppose 5*r + m - 38 = 0, 0 = j*r - 3*r + 3*m + 14. Let b(p) = -6*p - 1. Calculate the remainder when r is divided by b(-1).
3
Suppose -4*x = -10 - 54. Suppose 3*p = -4*a + 4*p + 350, -3*a + p + 262 = 0. What is the remainder when a is divided by (-6)/7*(-5 - x)?
16
Let f(m) = 4*m + 8. Let y be f(13). Let j(w) = y + 0*w + w - 43. What is the remainder when 50 is divided by j(0)?
16
Let k(b) = b**3 - 51*b**2 + 52*b + 154. Calculate the remainder when k(50) is divided by 29.
22
Let z be 1*(-14)/(-2) - -1. Suppose -11*l + 6 + 16 = 0. Suppose -z = l*o - 3*o. What is the remainder when o is divided by 2?
0
Suppose 417 = 16*j + 17. What is the remainder when 248 is divided by j?
23
Calculate the remainder when (-12680)/(-176) - 7/154 is divided by -2 + 0 - -17*1.
12
What is the remainder when 26 is divided by -1 - (-7)/5 - 65/(-25)?
2
Let j(b) = 0*b - 14*b**2 + 5*b**2 + 4*b + 9 + 8*b**2. What is the remainder when 22 is divided by j(3)?
10
Let t(s) = -s**2 - 48*s - 250. Calculate the remainder when 1/(10/(-4) + 3) is divided by t(-6).
0
Let p(h) = 3*h + 213. What is the remainder when p(-33) is divided by 45?
24
Suppose 0 = -2*x - 4 + 8. Suppose w - 6*w = 0, 2*u = -x*w + 20. Calculate the remainder when 47 is divided by u.
7
Let z(n) = 8*n - 39. Calculate the remainder when (-2)/11 - 752/(-22) is divided by z(6).
7
Let j(v) = -v**2 + 4*v. Let h be j(-3). Let t = h - -25. What is the remainder when 13 is divided by t?
1
Suppose -5*b + 3 = -17, 3*k = 4*b + 284. What is the remainder when k is divided by 17?
15
Suppose 9*b + 3 + 6 = 0. Let o(u) = -35*u + 5. Calculate the remainder when o(b) is divided by 17.
6
Suppose 10 - 6 = -4*b. What is the remainder when 40 + -1 - (5 + b) is divided by ((-32)/(-48))/(2/57)?
16
Suppose 9*q - 50*q + 17589 = 0. Calculate the remainder when q is divided by 16.
13
Let s = 720 - 403. What is the remainder when s is divided by 65?
57
Calculate the remainder when 6/(-5)*18180/(-108) is divided by 70.
62
Let i(o) = -2*o - 8. Let t be i(-3). Calculate the remainder when (1 + t)*420/(-12) is divided by 19.
16
Suppose 29*q - 21*q = 128. What is the remainder when 74 is divided by q?
10
Let j = 60 - 40. What is the remainder when 28 is divided by 7 + 65/j + (-1)/4?
8
Suppose 60 - 65 = -m. Let a(v) = v + 12. Calculate the remainder when 79 is divided by a(m).
11
Let w(z) be the first derivative of 5*z**4/4 - z**2 + 3*z - 18. What is the remainder when 7 is divided by w(1)?
1
Let o = -235 + 277. Calculate the remainder when 71 is divided by o.
29
Let y(m) = m**2 + 26*m - 127. What is the remainder when 137 is divided by y(-31)?
25
What is the remainder when 96/(-32) + (0 - -132) is divided by 108?
21
Suppose 4*u + 4*f - 9100 = 0, 2*f = -2*u + 3*f + 4541. What is the remainder when u is divided by 13?
10
Let t(f) = -1 + 17*f - 5*f - 7*f - 8*f. Suppose 1 = y - 16. Calculate the remainder when t(-17) is divided by y.
16
Let h(w) = 4*w**2 - 2*w + 1. Let n be h(1). Suppose 3*m = -n*m + 702. Suppose 6*i + 39 = m. What is the remainder when 21 is divided by i?
8
Let g(r) = -261*r - 1499. What is the remainder when g(-6) is divided by (-500)/(-14) - (-4)/14?
31
Let p = 28 + -14. Suppose 13*r - 190 = 135. What is the remainder when r is divided by p?
11
Let o(c) = 5*c**2 + 8*c - 6. Suppose k - 5*k + 260 = 0. Suppose -3*h + 3*n = -39, 5*h = n - 0*n + k. What is the remainder when o(3) is divided by h?
11
Let k(u) = -u**3 + u**2 - u + 6. Let f be k(0). Suppose -21 - f = -j. Calculate the remainder when j is divided by ((-5)/(-3))/(2/6).
2
Let b = -84 + 87. Suppose -b*r + 23 = -0*r - 4*k, 4*r - 56 = -k. Calculate the remainder when r is divided by 3.
1
What is the remainder when 200 - (-19)/((-19)/(-10)) is divided by 54?
48
Suppose 0 = x + 3*x - 4*u + 36, -4*u + 16 = -2*x. What is the remainder when 46 is divided by 16/(x/(-5)) + 4?
10
Let u = -30 + 34. Suppose -2*s = 5*b - u, -2*s - 4 = 4*b - 4*s. Suppose 6*d - 4*d - 16 = b. Calculate the remainder when d is divided by 5.
3
Suppose 5*k = -106 - 9. Let s = k + 34. What is the remainder when 18 is divided by s?
7
Let z = -208 + 292. Let v = -40 + z. What is the remainder when v is divided by 24?
20
Calculate the remainder when 95 is divided by (-18)/90 - (-122)/10.
11
Suppose -4*c + 129 = 5*t, -5*t = -2*c - 6*t + 69. Calculate the remainder when c is divided by 8.
4
Let r be (2/(-4))/(2/(-88)). Let c(j) = -j + 5*j - 5*j + r. Calculate the remainder when 30 is divided by c(11).
8
Let w = 603 + -595. Let y = 7 + -4. Calculate the remainder when w is divided by y.
2
Suppose 3*l = -u + 251, 0 = -2*u + 3*l + 149 + 398. Suppose v - 3*y - 172 = 0, 0 = 2*v - 3*y - u - 90. Calculate the remainder when v is divided by 17.
14
Suppose -2*w - 82 = -3*i - 1, -2*w - 79 = -i. Let v = -13 - w. Let m = 4 - -10. Calculate the remainder when v is divided by m.
12
Suppose -11 = 2*x - 35. Let d = 49 - 56. What is the remainder when x is divided by -4 + (0/1 - d)?
0
Suppose -1938 = -5*i - 14*i. Calculate the remainder when i is divided by 32.
6
Suppose -814 = -32*l + 978. What is the remainder when 276 is divided by l?
52
Let i = -42 - -135. Suppose -26*u = -22*u - 20. Calculate the remainder when i is divided by u.
3
Let w(l) = -l + 27. Let h(v) = -2*v - 23. Let n be h(-7). Let d = n - -20. Calculate the remainder when 63 is divided by w(d).
15
Suppose 0 = -0*c + 11*c. Suppose -4*a + 74 = 2*l, 0*a + 3*a - 3 = c. Suppose -i = 0, -z + 2*i + 90 = 4*z. What is the remainder when l is divided by z?
17
Calculate the remainder when (-54)/(-5 + 4) + 7 is divided by 21.
19
Suppose -6*b = 1 - 31. Suppose 186 = u + b*u. Calculate the remainder when 92 is divided by u.
30
What is the remainder when 164 is divided by (1926/8)/9 + (-25)/(-20)?
24
Calculate the remainder when 77 + 0 + (-18)/9 is divided by (-12)/(-30) + 33/5.
5
Let a(q) = -q**3 - 22*q**2 + 21*q + 22. Calculate the remainder when a(-23) is divided by 18.
14
Calculate the remainder when 277 is divided by -4 + 12 + -4 - -24.
25
Suppose 5*s + p - 41 = -15, -4*s + 32 = -2*p. What is the remainder when 21 is divided by 78/12 + (-3)/s?
3
Suppose 0 = -4*o - 16, 2*f - o = -12 - 24. Let m = f + 38. Calculate the remainder when 35 is divided by m.
17
Let w be (-6)/4 + (12/(-8) - -3). Suppose w = -h - 3*u + 1, -29 = -5*h - 0*u - 3*u. Calculate the remainder when 22 is divided by h.
1
Let q = -57 + -9. Let u = q - -92. What is the remainder when u is divided by (-80)/(-6) + (-6)/(-9)?
12
Let o(v) = v**2 + 2*v + 2. Let g be o(0). Suppose -129 - 29 = -g*f. Calculate the remainder when f is divided by 16.
15
Suppose -67 = 2*s - 3*a + 1, -s - 3*a - 25 = 0. Let n = 93 + s. What is the remainder when n is divided by (2 - (-128)/40)/((-4)/(-10))?
10
Let l(i) = i**2 - 5*i + 21. Calculate the remainder when l(15) is divided by 58.
55
Let b(c) = -18*c - 2. Suppose 4*i - 11 = -7. Let o be b(i). What is the remainder when (-1845)/o + (-3)/12 is divided by 31?
30
Let v(f) = 3*f**3 + 5*f - 4. Let r(q) = -q + 10. Let t be r(12). Let a be (-8)/t - 7/7. Calculate the remainder when v(a) is divided by 19.
16
Let o be 18/1*(-10)/(-20). Suppose 0 = 2*a - 5*a + o. Let l(u) = -u**2 + 7*u + 1. What is the remainder when 23 is divided by l(a)?
10
Let g(n) = n**3 - 2*n**2 - 6*n + 3. Let j be g(6). Let p(b) = 4*b**2 - 10*b - 6. Let h be p(6). Let z = j - h. Calculate the remainder when z is divided by 17.
16
Suppose 2*w = 30 + 22. Let i be (w/(-10) - -2)*-5. Suppose -4*s + i*s = -18. Calculate the remainder when s is divided by 10.
8
Let v(c) = -c**3 - 8*c**2 - 12*c + 12. Calculate the remainder when 46 is divided by v(-6).
10
Suppose -t - 4*o + 46 = -0*o, -4*o = -3*t + 74. Calculate the remainder when t is divided by 11.
8
Let a = 89 - 34. Let k(i) = 16*i**2 + 44*i - 45. Calculate the remainder when a is divided by k(1).
10
Let b be (-2892)/(-20) - 2 - 2/(-5). Suppose q + 37 = j - q, 4*q - b = -5*j. What is the remainder when j is divided by 16?
15
Suppose 0*q - 4*q = -28. Suppose 15*l + 100 = 13*l. Let c = l - -61. What is the remainder when c is divided by q?
4
Suppose -r + 1 = -9. Suppose l - 2*l + r